
3
Let r(a) = 57*a**2 - 3*a + 4. Let z(x) = 32*x**2 - 2*x + 2. Let k(p) = -5*r(p) + 9*z(p). What is k(3)?
16
Let g(r) = r**3 - 10*r**2 - 11*r + 6. Suppose 78 = 13*i - 65. What is g(i)?
6
Let x(v) = 6*v**2 + 5. Let f(c) = 17*c**2 + c + 14. Let d(u) = 3*f(u) - 8*x(u). Suppose -5*j + 5 = -4*n, -40 = 5*j + 2*n - 15. Calculate d(j).
20
Let f = -7 + 5. Suppose 0 = -2*o + 4*a - 10 + 8, -o - 4*a = -11. Let z = o + f. Let x(r) = -2*r**2 - 2*r + 1. What is x(z)?
-3
Let c(g) be the second derivative of -g**4/4 + g**2/2 - 25*g. Let m be (1 - 2) + 1*2. Determine c(m).
-2
Let a(f) = -f + 1. Let d(i) = -i - 4. Let h(n) = a(n) + d(n). Let r(t) = -2*t**2 + 2*t + 1. Let g be r(-1). Calculate h(g).
3
Let i(q) = -q**2 + 3*q. Let j(p) = -p + 7. Suppose -4*z + 7*z - 18 = 0. Let a be j(z). Let w be (-3)/(-1) + (-1)/a. Give i(w).
2
Let y = -30 - -45. Let x(t) = -y - 11*t + 12*t + 1. Give x(6).
-8
Let c = -13/162 + 287/3240. Let o(y) be the third derivative of -c*y**6 + 9*y**2 + 0*y**4 + 1/10*y**5 + 0 + 1/3*y**3 + 0*y. Calculate o(6).
2
Let m(r) = 3 - 40*r + 12*r + 27*r - 2. Calculate m(9).
-8
Let h = 329 + -323. Let v(u) = -2*u + 4. Determine v(h).
-8
Let k(q) = 35*q - 54. Let d(h) = 18*h - 29. Let t(o) = 11*d(o) - 6*k(o). What is t(-1)?
17
Suppose 0 = o - 6*o + 65. Let v(p) = 3 + 8*p - o*p + 3 - 3 - p**2. Give v(-5).
3
Let v(d) = 4*d - 4 + 3 + d**3 + 0*d**3 + 3*d - 5*d**2 - d. Calculate v(4).
7
Let k(h) = -2*h**3 + 2*h**2 - 1. Let a = -6 + 6. Suppose a = 9*j + 27 - 36. Give k(j).
-1
Let b(u) be the second derivative of u**4/3 - u**3/3 - 3*u**2/2 + 11*u. What is b(-2)?
17
Suppose 3 = -k + 1, -3*l = 4*k - 112. Let a = 46 - l. Let o(g) be the second derivative of -g**3/3 + 3*g**2/2 - 3*g. What is o(a)?
-9
Let r(b) = -b**3 - 6*b**2 - 7*b - 7. Suppose 10 = -2*k + 7*k. Suppose -5*z - 19 = -3*n, k*z + 5*n = 5*z + 5. Calculate r(z).
3
Let i(j) = -5*j**2 - 6*j - 5. Suppose -2*r + 5 = -5*t - 3, -t - 5 = 3*r. Let w(c) = c**2 + c + 1. Let v(q) = r*i(q) - 6*w(q). What is v(-2)?
-5
Let s(i) = 2*i + 4. Let j be ((-4)/1)/(-46 + 45). Determine s(j).
12
Let g(q) = -q**3 - q**2. Let a(b) = 4*b**3 + 8*b**2 + b + 4. Let w be (-1)/(2/((-4)/(-2))). Let v(j) = w*a(j) - 5*g(j). Suppose 21 = 12*i - 27. Calculate v(i).
8
Let r(w) = 39 + 2*w - 10*w + 9*w - 43. What is r(-3)?
-7
Let z(i) = -i**3 + 3*i**2 - 2*i + 2. Suppose -52*q = -60*q + 24. Calculate z(q).
-4
Let g(b) = -b**3 - 3*b**2 - 2*b + 2. Let n be g(0). Let h(j) = -j**3 + 3*j**2 - 5*j + 5. Let u be h(n). Let i(f) = 6*f + 1. What is i(u)?
-5
Let t(x) = -4*x**2 + 2*x - 1. Let i be (-7 + 3)/(3 + (-17)/5). Suppose -2*h = -4*z + i, z = 2*z - 5*h - 7. Give t(z).
-13
Let j(l) be the third derivative of -l**5/40 - l**4/8 + 41*l**3/6 - 27*l**2. Let h(a) be the first derivative of j(a). Determine h(3).
-12
Let x(n) = 1 - 9 - 1 - n**2. Suppose 20*h = -20*h + 3*h. Determine x(h).
-9
Let k(q) = -q**2 + 3*q + 6. Let g(u) = 3*u**2 - 8*u - 19. Let l(r) = 2*g(r) + 7*k(r). What is l(-3)?
-20
Let s(g) be the third derivative of -g**5/60 + g**4/12 - g**3 - 120*g**2 + 2*g. What is s(4)?
-14
Let d(b) = -b**3 + 6*b**2 - 2*b + 4. Suppose -8*j - 35 = -4*c - 3*j, -2*c - j = -7. Give d(c).
19
Suppose -65 = 42*a - 37*a. Let w = a - -7. Let x(l) = -l**2 - 5*l + 3. What is x(w)?
-3
Let v(j) = -j. Suppose 0*h = -h + 3. Let m(p) = p**3 + 9*p**2 + 9*p + 8. Let k be m(-8). Suppose 4*o - 36 = 5*y, k = 4*y + 3*o + 7 - h. What is v(y)?
4
Let w = 32 - 27. Suppose 17 = w*x - 8. Let b(y) = -y**2 + 6*y. What is b(x)?
5
Let a(y) be the first derivative of -y**3/3 - 9*y**2/2 - 2*y - 167. Calculate a(-4).
18
Let g(m) = -2*m - 7. Let l be g(-5). Let j be (-3 - -5) + -5 + l. Let r(f) be the second derivative of f**4/12 - f**3/6 - 3*f**2 - f. Determine r(j).
-6
Let b(u) = -3*u**2 + u + 1. Let n(s) = 2*s**2 + 2*s + 2. Let q be n(-1). Let g be -3 - 6/(-4)*q. Let d be (1 - g)/((-1)/2). Determine b(d).
-13
Let w(g) be the third derivative of 0 - 1/24*g**4 + 1/6*g**3 - 1/12*g**5 + 0*g + g**2 - 1/120*g**6. Determine w(-5).
6
Let a(j) = 9*j**2 - 3*j**2 + 4 - 4*j - 5*j**2. Let h = 14 - 9. Let n = 9 - h. Give a(n).
4
Let q(f) = f**2 - 30*f - 259. Let w be q(37). Let p(k) = -2*k - 23. Give p(w).
-23
Let y(f) = -f**2 + 6*f - 4. Let b be y(4). Let d(u) = u**2 - 8*u + 2. Let s(h) = h + 1. Let x(m) = -d(m) - 2*s(m). Calculate x(b).
4
Let q(u) = -3*u - 2 - 4*u + 6*u. Suppose 15 + 1 = -4*k + 4*a, -2*k = -5*a + 5. What is q(k)?
3
Let u(b) = 13*b. Let c = 6 - 3. Let k(p) = 3*p - 8. Let z be k(c). What is u(z)?
13
Let t(r) = r**2 - 4*r - 10. Suppose -5*p = -a - 8, 2*a + 2*p - 25 = -5. Calculate t(a).
11
Let d be 1/(-6) + -26*6/(-72). Let y(j) = 1 - d*j**2 + 4*j**2 + 6*j + 4*j**2 - 4*j**2. Give y(-4).
9
Let p(h) = -8*h - 1. Let i = 25 - 23. Let x(r) = r**3 - 3*r**2 + 4*r - 5. Let c be x(i). What is p(c)?
7
Let k(i) = -28*i**3 + 3*i**2 + 1. Let p(f) = 28*f**3 - 2*f**2 - 1. Let w(y) = 4*k(y) + 5*p(y). Determine w(1).
29
Let t(i) = -2*i - 51 + 50 - 2*i**2 + 0*i**2. Suppose 2*m - 12 = 6*m. Let p be -7 - 0 - m - -2. Calculate t(p).
-5
Let x(u) = -u + 4. Let p(d) = 2*d**2 - 19*d + 43. Let a be p(7). Determine x(a).
-4
Let k(g) be the third derivative of g**6/120 - g**5/20 + g**4/24 - 9*g**2 - 3. What is k(1)?
-1
Let w(l) be the second derivative of -l**3/6 - 13*l**2/2 - 2*l + 23. Determine w(0).
-13
Suppose -27 + 33 = -2*n. Let o(k) = -2*k**3 - 4*k**2 - 1. Calculate o(n).
17
Let j(a) = -2*a**2 - a + 4. Let z(k) = 13*k**2 - 7*k - 33. Let o(m) = 6*j(m) + z(m). Give o(13).
-9
Suppose -4*l + 9 + 7 = 0. Let f be 2*(-6)/l - -3. Let g(z) be the first derivative of z**4/4 - z**2/2 + z - 1. Give g(f).
1
Let n(l) = l - 4. Let o(j) be the first derivative of 3*j**2/2 + 27*j - 13. Let p be o(-7). Determine n(p).
2
Let m(z) = z**3 + 22*z**2 + 21*z + 1. Let i be m(-21). Suppose -3*t - t = -16. Let k(d) = -2*d + t - 5 + 2 + 3*d**2 - 2*d**2 - 10*d**3. What is k(i)?
-10
Let k(t) = 3*t**2 - t**2 - 5*t - 3 + 5 - t**2. Suppose 4*x = -3*d - 14, -2*x = -d - 5*x - 8. Let j(w) = -w**3 - 2*w**2 - 3*w - 2. Let o be j(d). Give k(o).
-2
Let x(z) = 2*z**3 - 8*z - 2. Let s(f) = -5*f**3 - f**2 + 22*f + 5. Let h(n) = 3*s(n) + 8*x(n). Let i be 6 - (2 + -1) - 2. Give h(i).
5
Let w(l) = 13*l**3 - 7*l**2 + 12. Let o(d) = 11*d**3 - 7*d**2 + d + 11. Let s(f) = 6*o(f) - 5*w(f). Give s(5).
-14
Let h = -39 + 19. Let o(m) = -m**2 - 21*m - 15. Let z be o(h). Let y(l) = -l**2 - 1 - 1 + 6*l + 0. What is y(z)?
3
Let c(y) = -y**3 + 11*y**2 - 8. Let q be 15 + (15 - 8 - 11). Give c(q).
-8
Let w be 18/(-10) - (-744)/(-620). Let b(g) = 4*g**3 - g**2 + g. Let m be b(1). Let o(d) = 3 + 5 - 4 + d**2 + m*d. Give o(w).
1
Let s(c) = -2740 - c**2 + 1371 + 1368. Give s(2).
-5
Let v(q) = q**3 - 2*q**2 - 2*q + 2. Let x = 578 - 575. Determine v(x).
5
Suppose 11*a = -5*z + 12*a + 13, -a = -z + 5. Let s(p) = -7*p + 2. Calculate s(z).
-12
Let k(d) = 7*d**2 + 3*d - 2. Let i(s) = 12*s**2 + 5*s - 4. Let u(v) = 3*i(v) - 5*k(v). Give u(2).
2
Suppose 6*s + 10 = s. Let q(k) = -3*k + 2. Let y(u) = 16*u - 4*u - 10 + u + 1. Let l(p) = s*y(p) - 9*q(p). Calculate l(1).
1
Let p(b) be the third derivative of -b**7/2520 - b**5/24 + 2*b**4/3 - b**3/6 + b**2 + 5*b. Let m(i) be the second derivative of p(i). Give m(0).
-5
Let y(f) = f**3 - 2*f**2 + 5*f + 8. Let d be y(5). Suppose -d*m = -110*m - 6. Let q(p) = 2*p + 2. Calculate q(m).
-4
Suppose -3 = 15*g - 48. Let r(n) = -n**2 - n + 4. What is r(g)?
-8
Let m = -17 - -22. Let s(x) = m + 4 - 4 - x + 0. What is s(8)?
-3
Suppose 0 = 6*z - 36*z - 150. Let g(b) = b + 11. Calculate g(z).
6
Suppose -30*t + 32*t - 6 = 0. Let y(i) = 2*i**3 - 5*i**2 + 4*i - 2. What is y(t)?
19
Let x(r) = 13*r + 4. Let f(a) = -3*a - 1. Let k(h) = -9*f(h) - 2*x(h). Give k(0).
1
Let a(f) = -3*f + 6. Suppose -4*i + 201 = 81. Let v be (22/(-33))/((-4)/i). What is a(v)?
-9
Let r(y) = -5*y + 31. Let z(c) = -11*c + 64. Let u(o) = 13*r(o) - 6*z(o). Calculate u(0).
19
Let a(w) = w**3 - 5*w - 2. Suppose -10*v = -14*v + 20. Suppose -6 = v*p - 3*p. What is a(p)?
-14
Let x(z) = -8*z**3 - z**2 + 4*z - 2. Let m be ((-3)/(-12) - 1/4) + 1. Let l be x(m). Let s(d) = d**3 + 8*d**2 + 10*d + 7. What is s(l)?
-14
Let k(z) = -18*z + 25*z - 13*z - 13*z. Determine k(-1).
19
Let v(g) = -3*g + 4. Let t(z) = 1. Let c(w) = 5*t(w) - v(w). Let a be c(-2). Let h(y) = y**3 + 4*y**2 - 5*y - 2. C